 8?
-1744
Convert -477 (base 11) to base 2.
-1000111000
Convert 55146 (base 7) to base 2.
11010111101011
-616 (base 9) to base 11
-416
What is -4a7 (base 16) in base 12?
-833
What is 7b48 (base 13) in base 6?
212030
-543 (base 15) to base 6
-5300
What is 1310242 (base 6) in base 9?
117818
1414114 (base 6) to base 16
1385e
Convert 85b (base 14) to base 16.
671
73d (base 14) to base 13
85a
-1010110100 (base 2) to base 8
-1264
Convert 10405 (base 6) to base 16.
5a5
What is 313023 (base 5) in base 16?
2894
Convert 1100110110110 (base 2) to base 10.
6582
What is 7317 (base 14) in base 8?
46551
22200 (base 3) to base 15
109
-21744 (base 8) to base 10
-9188
Convert 263 (base 12) to base 11.
300
Convert 1733 (base 11) to base 7.
6312
What is -878 (base 15) in base 4?
-131321
What is 80b9 (base 15) in base 3?
1101021110
-3215 (base 15) to base 16
-2963
What is -124330 (base 5) in base 12?
-2a59
3123 (base 5) to base 9
508
771 (base 9) to base 8
1167
Convert 14034 (base 6) to base 13.
cbb
-7068 (base 14) to base 4
-10231210
What is -141 (base 14) in base 5?
-2003
What is -2301 (base 4) in base 13?
-108
Convert -83b8 (base 15) to base 7.
-144122
Convert -1010110001 (base 2) to base 5.
-10224
What is 20709 (base 10) in base 4?
11003211
Convert 83f (base 16) to base 13.
c65
-a98 (base 13) to base 6
-12223
What is -12a2 (base 12) in base 10?
-2138
-114112 (base 7) to base 5
-1130023
Convert -2211210 (base 3) to base 5.
-31243
Convert 40886 (base 9) to base 2.
110100101011010
What is 11922 (base 10) in base 12?
6a96
1011111 (base 2) to base 4
1133
-4343 (base 5) to base 9
-734
What is 30d9 (base 14) in base 8?
20347
What is -53427 (base 8) in base 11?
-15829
What is 112205 (base 7) in base 6?
232325
-31561 (base 7) to base 8
-17232
Convert -85568 (base 9) to base 15.
-11b85
41603 (base 7) to base 11
7773
-80f (base 16) to base 8
-4017
258 (base 13) to base 8
633
What is -122221 (base 6) in base 3?
-112221011
-6ba1 (base 16) to base 7
-143221
-453 (base 6) to base 16
-b1
Convert -1120022 (base 3) to base 10.
-1142
What is b26 (base 12) in base 3?
2012210
110000001110111 (base 2) to base 15
74b5
What is 6cd (base 14) in base 13?
805
What is -636 (base 8) in base 10?
-414
What is 100155 (base 6) in base 4?
1322213
Convert 51333 (base 7) to base 2.
11000011100111
What is -140011 (base 5) in base 13?
-2742
Convert -10415 (base 8) to base 13.
-1caa
Convert 8b6 (base 12) to base 6.
5550
What is 211220 (base 3) in base 7?
1542
-15352 (base 7) to base 12
-25a4
19f (base 16) to base 4
12133
Convert -1134100 (base 5) to base 14.
-79ca
What is -a53 (base 12) in base 8?
-2737
2222 (base 9) to base 12
b48
What is -336 (base 9) in base 7?
-543
Convert -125 (base 7) to base 8.
-104
-3a1 (base 13) to base 3
-212122
32092 (base 10) to base 15
9797
27307 (base 8) to base 5
340400
What is -9a0c (base 14) in base 7?
-140515
Convert 1b5 (base 14) to base 2.
101100011
What is 43223 (base 8) in base 2?
100011010010011
What is 100112100 (base 3) in base 14?
2764
Convert -101000100010 (base 2) to base 5.
-40334
Convert 14776 (base 8) to base 13.
304b
-5943 (base 11) to base 7
-31500
What is 1255 (base 7) in base 9?
584
What is 406 (base 8) in base 11?
219
-2848 (base 9) to base 2
-100001100110
Convert -1213303 (base 4) to base 6.
-50431
What is 144337 (base 8) in base 7?
302631
-475 (base 8) to base 13
-1b5
214423 (base 5) to base 14
2a2c
-172 (base 12) to base 8
-346
What is 185 (base 14) in base 9?
377
2021222 (base 3) to base 13
9b9
What is 3c54 (base 13) in base 4?
2013300
1221001 (base 5) to base 10
23251
6264 (base 9) to base 15
1564
What is -30415 (base 8) in base 5?
-400212
40035 (base 7) to base 9
14180
Convert -3024 (base 7) to base 2.
-10000010111
What is 285 (base 14) in base 15?
23e
-14d (base 15) to base 13
-19c
Convert 430 (base 11) to base 12.
371
2b950 (base 13) to base 7
463422
-2476 (base 8) to base 7
-3625
What is 1021100 (base 3) in base 12?
653
What is -2708 (base 9) in base 7?
-5633
16895 (base 10) to base 2
100000111111111
What is 1000010 (base 3) in base 10?
732
1120210011 (base 3) to base 12
16071
What is 1202 (base 9) in base 7?
2414
-7714 (base 10) to base 2
-1111000100010
-111001001001 (base 2) to base 14
-1493
Convert 12343 (base 6) to base 2.
11101000111
What is -554 (base 14) in base 15?
-4a4
-634 (base 13) to base 8
-2041
Convert 10333311 (base 4) to base 12.
ba19
Convert 1500 (base 6) to base 16.
18c
Convert -1222022 (base 3) to base 5.
-21224
20034 (base 5) to base 7
3462
-4b59 (base 12) to base 8
-20565
What is -473 (base 15) in base 14?
-520
1425 (base 14) to base 7
13245
-1000110110010 (base 2) to base 8
-10662
What is -3a66 (base 13) in base 2?
-10000010101101
-a614 (base 12) to base 6
-220024
What is -47572 (base 8) in base 4?
-10331322
284 (base 11) to base 16
14e
Convert 30 (base 10) to base 7.
42
Convert 11230 (base 4) to base 13.
220
Convert -1130 (base 4) to base 13.
-71
-1010111211 (base 3) to base 16
-56e3
What is 29b9 (base 12) in base 9?
6636
Convert -2301 (base 10) to base 14.
-ba5
What is -1021110 (base 3) in base 11?
-776
What is 121200120 (base 3) in base 8?
27605
What is -2396 (base 10) in base 5?
-34041
161 (base 7) to base 14
68
1038 (base 14) to base 9
3744
What is -19d (base 14) in base 8?
-517
What is 1000001100 (base 3) in base 6?
231143
What is 10220202 (base 3) in base 12?
179b
-2c5 (base 14) to base 11
-474
What is -112a (base 14) in base 9?
-4068
What is -1089 (base 12) in base 3?
-2111220
1147 (base 10) to base 15
517
-15c (base 15) to base 13
-1b0
Convert -324 (base 6) to base 3.
-11121
Convert 113a (base 11) to base 13.
8b0
Convert 14044 (base 5) to base 9.
1516
Convert -223 (base 7) to base 12.
-97
303011 (base 5) to base 3
111101100
Convert 218e (base 15) to base 7.
26504
-20230 (base 4) to base 14
-2ba
What is 4142 (base 7) in base 5?
21301
Convert -21113 (base 5) to base 13.
-844
343 (base 14) to base 10
647
6392 (base 13) to base 14
5064
Convert 2112 (base 6) to base 13.
2a8
Convert 10110222 (base 3) to base 12.
1575
4407 (base 8) to base 6
14411
What is 6044 (base 10) in base 13?
299c
Convert -333233 (base 6) to base 2.
-110110100110101
What is -1103121 (base 4) in base 10?
-5337
Convert -71e (base 16) to base 11.
-1407
Convert 837 (base 11) to base 4.
33300
What is -d2 (base 16) in base 12?
-156
What is 16415 (base 8) in base 12?
4379
Convert -30300 (base 4) to base 16.
-330
What is 1703 (base 8) in base 12?
683
Convert -a4 (base 13) to base 8.
-206
Convert -391 (base 15) to base 11.
-678
1b92 (base 12) to base 5
102142
Convert -224201 (base 6) to base 5.
-1102311
What is 54254 (base 10) in base 3?
2202102102
Convert 6083 (base 9) to base 6.
32333
20656 (base 8) to base 9
12740
What is -2467 (base 10) in base 14?
-c83
Convert -4636 (base 9) to base 12.
-1ba3
-3637 (base 13) to base 8
-16743
What is 35 (base 12) in base 3?
1112
What is 11010110 (base 2) in base 4?
3112
Convert -2938 (base 16) to base 15.
-31d7
718 (base 11) to base 4
31202
What is 1bb6 (base 12) in base 2?
110101111010
-539 (base 10) to base 3
-201222
18375 (base 11) to base 2
110010010000110
2518 (base 13) to base 9
7184
What is 2248 (base 13) in base 12?
2934
Convert 10010010 (base 2) to base 5.
1041
-443 (base 12) to base 9
-766
Convert 35002 (base 9) to base 2.
101101100100010
Convert 21321 (base 4) to base 12.
449
What is 1001000 (base 2) in base 14?
52
4021 (base 5) to base 10
511
What is 741 (base 9) in base 3?
211101
-1616 (base 11) to base 7
-6022
Convert 3403 (base 6) to base 7.
2214
427 (base 10) to base 15
1d7
-26932 (base 10) to base 3
-1100221111
Convert 134127 (base 8) to base 11.
32501
What is -262 (base 10) in base 6?
-1114
What is 1011000100 (base 2) in base 4?
23010
What is 16527 (base 8) in base 14?
2a47
1010011010000 (base 2) to base 3
21022100
Convert -120112 (base 8) to base 7.
-230430
Convert -2437 (base 10) to base 16.
-985
Convert c47 (base 13) to base 4.
200213
What is -25310 (base 6) in base 10?
-3786
Convert -3233 (base 7) to base 14.
-5c3
Convert -3037 (base 11) to base 4.
-333001
-163 (base 9) to base 6
-350
What is -130 (base 9) in base 11?
-99
Convert 223464 (base 7) to base 2.
1001101100000111
Convert -4c0 (base 14) to base 8.
-1670
Convert -64 (base 11) to base 2.
-1000110
-1241 (base 8) to base 16
-2a1
Wh